greatest common factor of 39 and q.
39
Let f be -2 + 444/16*8/3. What is the greatest common divisor of 27 and f?
9
Let t be (-4)/3*(15 - -24). Let y = t + 62. What is the greatest common factor of 190 and y?
10
Let m(w) = -2*w - 13. Let y be 1 + -3 - (4 + 3). Let s be m(y). Let t(b) = 2*b**3 + 14*b**2 + 15. Let f be t(-7). What is the highest common divisor of s and f?
5
Let k(g) = -11*g - 3. Let w be k(-4). Suppose 24*a - 2224 - 728 = 0. What is the highest common factor of w and a?
41
Let a be (-10)/8*(-16 + 12). Suppose a + 1 = g. Suppose 4*z - j - 37 = 0, g*j + 55 = 5*z + 3*j. Calculate the greatest common divisor of 4 and z.
4
Let y = -64 + 69. Suppose -30 = -z - y*z. Calculate the greatest common factor of z and 35.
5
Suppose 6*i - 13*i + 70 = 0. Let t be -40*(i/4 - (-8)/(-2)). Calculate the highest common factor of t and 4.
4
Let z = 68 - 33. Suppose -15 = -8*f + 5*f. What is the highest common divisor of z and f?
5
Suppose 805 = -0*q + 5*q. Calculate the greatest common divisor of 253 and q.
23
Let q(g) = 2*g**2 + 5*g + 4. Let o be q(-4). Suppose 3*f = -4*t + 212, 0 = 5*f - t - t - 310. Calculate the highest common divisor of o and f.
16
Suppose -3*l - 35 = -278. Calculate the highest common factor of l and 189.
27
Suppose 5*x + m = -10, 0 = 6*x - 2*x - 4*m - 16. Let p = x - -9. Calculate the greatest common divisor of 32 and p.
8
Let f = 321 - 189. Let o be f/10 - 8/(-10). Calculate the highest common divisor of o and 42.
14
Suppose 0 = f - 3, -3*w - 11 + 83 = 3*f. What is the highest common factor of w and 7?
7
Let l(u) = 4*u - 9. Let y be l(5). What is the highest common divisor of y and 44?
11
Let w = 33 + -3. Let c(i) = -i**2 + 6*i + 2. Let t be c(6). Suppose 0 = -0*y - t*y + 40. Calculate the highest common factor of w and y.
10
Let u(d) = -d**3 - 47*d**2 + 148*d - 85. Let k be u(-50). Calculate the greatest common divisor of 345 and k.
15
Let p = -283 + 156. Suppose i = -x + 6, 0 = -x - x + 4*i + 24. Let j = x - p. Calculate the highest common divisor of 15 and j.
15
Suppose 0 = -3*z + 8*z + 10. Let d be ((-4)/(-5))/(z/(-20)). Suppose -394*j - 2457 + 15065 = 0. Calculate the highest common divisor of d and j.
8
Let u(z) = -z + 23. Let l be u(7). Let c be 48*(-1)/(3/(-4)). What is the greatest common divisor of l and c?
16
Let o be 24/9*18/12. Let i be o/(((-15)/(-126))/5). Calculate the highest common divisor of 24 and i.
24
Let y = -4 - -10. Suppose 7*n - 262 + 787 = 0. Let l = 141 + n. Calculate the highest common divisor of y and l.
6
Suppose 69*h = -582 + 3342. Let p = -2 + 2. Suppose p = 5*s - 2*s - 60. What is the highest common factor of h and s?
20
Suppose 572*p = 585*p - 286. What is the highest common factor of p and 99?
11
Suppose -i - 1 = 3. Let n be 570/i*(-3 - (-44)/20). Calculate the greatest common factor of 38 and n.
38
Let c be (174/(-8))/(2*9/(-48)). Calculate the highest common factor of c and 58.
58
Suppose -12*c = -11*c - 9. Let t = c - -5. Calculate the highest common divisor of t and 2.
2
Let o be (1 + -2)*(-10 + 9). Let w be (-1 - o/2)/(6/(-64)). What is the highest common factor of 12 and w?
4
Let p = 271 + -270. What is the highest common factor of p and 7?
1
Let x(c) = c**3 - 19*c**2 + 42*c - 115. Let j be x(17). Calculate the highest common divisor of j and 3129.
21
Suppose 0 = -11*u + 18*u + 1498. Let s = 331 + u. Calculate the highest common divisor of 13 and s.
13
Suppose -2*d + 5*p = -412 - 211, -3*d = -5*p - 942. Calculate the greatest common factor of d and 29.
29
Let z be (12/(-8))/(2/(-20)). Suppose -24 = 1063*y - 1067*y. What is the highest common divisor of y and z?
3
Suppose 5*q + u - 12 = 6, 4*u - 12 = -5*q. Suppose -10 = -q*v - v. Calculate the greatest common divisor of v and 22.
2
Suppose 4*y - 2*c - 13 = -3*c, -2*y - 2*c = -14. Let p be 13/y - (-11)/22. Calculate the greatest common divisor of p and 77.
7
Let c(z) = -33*z - 463. Let q be c(-15). Let f(l) = 8*l**2 + 2*l + 2. Let n be f(3). Calculate the highest common divisor of q and n.
16
Let p = 48 + -16. Let v be (-132)/(-55)*10/3. What is the greatest common factor of v and p?
8
Suppose -4*b + 2*g + 7 = -7, -7 = b + 3*g. Suppose 9 = -3*o, -4*o = -4*u + 1 + 15. Let c be b/u + 66 + -4. What is the highest common factor of c and 8?
8
Suppose -5*k - 111 = -w + 59, 5*k + 200 = -5*w. Let r = 43 + k. Calculate the highest common divisor of r and 72.
8
Suppose -k + 221 = w + 4*w, -2*k - 5*w = -442. What is the greatest common factor of 39 and k?
13
Suppose 10*g - 6*g - 12 = 0. Suppose 2*l + d = 143, -g*d = -3*l - 52 + 271. What is the greatest common divisor of l and 180?
36
Let m(o) = 87*o - 20. Let y be m(1). What is the greatest common factor of 1 and y?
1
Suppose -10 = -5*s, 2*s + 0 = 4*k - 56. Let f(q) = -10*q**3. Suppose 4 + 0 = -4*o. Let m be f(o). Calculate the highest common divisor of m and k.
5
Suppose 11*n = 12*n - 10. Let j = 53 + n. Calculate the greatest common factor of 7 and j.
7
Let a = 181 - 161. What is the greatest common factor of a and 250?
10
Let g(c) = -c**3 - 6*c**2 - 79*c - 578. Let j be g(-7). What is the highest common factor of 212 and j?
4
Let a be -1 - 3 - (26 + -45). What is the greatest common divisor of 55 and a?
5
Suppose 313 = 4*k - 2*f - 3*f, 4*k = 2*f + 298. Suppose 12*x - k = -0*x. Calculate the greatest common divisor of 2 and x.
2
Let t be (-633)/(-9) - (-3)/(-9). Let k(z) = -z**3 + 2*z**2 + 10*z + 2. Let b be k(4). What is the highest common divisor of t and b?
10
Suppose 7*c = 9*c - 208. What is the greatest common divisor of 26 and c?
26
Suppose -2*q + 6*q - 5*y = -15, -q = y - 3. Suppose -3*h + 1435 + 1829 = q. Let o be (-8)/(-14) - h/(-56). What is the greatest common factor of o and 50?
10
Suppose 0 = -g - 3*g + 5*z - 6, -g - 3*z + 7 = 0. Let h be 7 - (4/4 - g). Calculate the greatest common factor of h and 49.
7
Let p be 591 + 5 + (0 - 2). Let n be 45/(-180) - (-2)/(8/217). What is the highest common divisor of p and n?
54
Suppose 0 = h + f + 5, -2*h + 4*h + 9 = -f. Let m = 15 + h. Let v(o) = -5*o + 51. Let j be v(10). Calculate the highest common divisor of j and m.
1
Let f be 25 - (-5 + (10 - 4) + 4). What is the highest common divisor of f and 44?
4
Let f = 602 + 68. Calculate the highest common divisor of 10 and f.
10
Suppose -5*k + 4*z = -688, -3*z - 130 - 141 = -2*k. Let u(q) = -q**3 + 12*q**2 + 16*q + 17. Let b be u(13). Calculate the highest common factor of b and k.
28
Suppose 6*p = -12*p + 14850. Calculate the highest common divisor of p and 150.
75
Let s be (-11 + -24)/(2*1/(-196)). What is the greatest common divisor of 10 and s?
10
Let k(g) = g**3 + 3*g**2 - 17*g + 9. Let p be k(-6). Suppose 2*f + 3 = -5*y, -f = -0*f - 4*y - 18. Calculate the greatest common divisor of p and f.
3
Let z = -146 + 344. Suppose m + 3*p - z = -2*m, -4*m + 3*p = -292. Calculate the greatest common factor of 7 and m.
7
Let b(r) = -4*r + 141. Let j be b(19). What is the greatest common divisor of 91 and j?
13
Suppose -27 = -8*q + 5. Suppose w + 49 - q = 2*f, -2*w = -f + 27. What is the greatest common divisor of f and 189?
21
Let i(j) = 21*j**2 + 2*j + 1. Let a be i(-1). Suppose 4*b - 3*n = -8*n + 16, 5*b = -4*n + 20. What is the highest common factor of b and a?
4
Suppose -383*o = -372*o - 550. Calculate the greatest common factor of o and 650.
50
Let p(s) = s + 1. Let u(h) = 10*h + 53. Let b(a) = -3*p(a) + u(a). Let v be b(-5). What is the highest common factor of 165 and v?
15
Let r(m) = -m**3 - m**2 + 3*m + 8. Let d be r(0). What is the greatest common divisor of 152 and d?
8
Let j = 224 - 143. What is the greatest common divisor of j and 3?
3
Let p(k) = -22*k**3 + 5*k + 4. Let f be p(-1). Let l = 105 + -53. Let h = l + -31. What is the greatest common divisor of h and f?
21
Suppose s = 7*s - 966. What is the highest common factor of 69 and s?
23
Let r(x) be the first derivative of x**3/3 - 2*x**2 + 4*x + 12. Let l be r(10). Calculate the greatest common factor of 16 and l.
16
Let l = 38 - 24. Let f = 4 + -1. Suppose 4*t - x = -2*x + 51, -f*t = -4*x - 62. Calculate the greatest common divisor of t and l.
14
Let z = 24900 + -24801. Let v(x) = -10*x + 2. Let w be v(-2). Calculate the greatest common factor of w and z.
11
Let b be 25/3*(-9)/(-5). Suppose b*g - 120 = 10*g. Calculate the highest c